 = -s - 1. Let j(x) = -b(x) - 5*q(x). Let z(g) = g**2 + 5*g + 6. Let v be z(-5). What is j(v)?
-3
Suppose 7 + 0 = d. Let g = d - 10. Let h(u) be the first derivative of -u**4/4 - 2*u**3/3 + u**2 - 3*u + 2. Determine h(g).
0
Let m(k) be the first derivative of 2/3*k**3 - 5*k + 7/2*k**2 - 5 - 1/4*k**4. Calculate m(4).
-9
Let y(p) = 10*p - 74. Let q be y(7). Let t(w) be the second derivative of w**5/20 + w**4/3 + w**3/6 + w**2 + w. Determine t(q).
-2
Let p(i) be the third derivative of 0*i - 1/15*i**5 + 2/3*i**3 - 1/120*i**6 + 5/24*i**4 - 4*i**2 + 0. What is p(-5)?
4
Suppose 0 = -f + 4, -2*r + 3 + 21 = 5*f. Let q(x) = 4 - 4*x + 0*x**r + x**2 - x. What is q(4)?
0
Let f(r) be the second derivative of r**4/12 - 5*r**3/6 + r**2/2 + 19*r. What is f(4)?
-3
Let n(c) = 6 + 3*c - 3 + 1 + 0. Calculate n(-4).
-8
Let l(a) = -a - 9*a + 3*a - 1. Suppose -4*b - 9 - 7 = 2*j, 2 = -3*b + j. Give l(b).
13
Let a(i) be the first derivative of -i**6/120 - 7*i**5/60 - i**4/4 - 5*i**3/6 + i**2 - 5. Let q(b) be the second derivative of a(b). Calculate q(-6).
-5
Let s(y) = 6*y**2 + 6*y - 5. Let w(z) be the third derivative of -z**5/12 - z**4/4 + 2*z**3/3 + 2*z**2. Let b(f) = -4*s(f) - 5*w(f). What is b(-5)?
-5
Let m = 6 - 8. Let x(b) = b + 1. Let n(o) = -12*o - 4. Let y(h) = -n(h) - 6*x(h). Calculate y(m).
-14
Let f(w) = 16*w**3 - 19*w**3 + 2*w - 1 - w. Calculate f(1).
-3
Suppose 4*s - 3*s = 8. Let z = -7 + s. Let c(d) = 2*d + 2 + 0*d + 0*d - z. Give c(3).
7
Let l(k) = -k**2 - 1. Let p(g) = -g**2 - 4. Let r(i) = 5*l(i) - p(i). Determine r(-1).
-5
Suppose -r - 23 = 3*x + 2*x, -x = -5*r + 15. Suppose -35 = -j - 4*j. Let b(d) = 7 + d**3 + 6*d**2 + 7 + j*d - 7. Determine b(x).
-3
Let j(w) = 2*w. Let s(v) be the third derivative of -v**4/8 + 2*v**2. Let l(y) = 10*j(y) + 6*s(y). Give l(-5).
-10
Let g(v) = 153*v - 309*v + 155*v - 5. Suppose -4*u - z + 0*z = 23, 4*z + 37 = -5*u. Determine g(u).
0
Let v(r) = -2*r**2 + 3*r - 2. Let z(j) = -j**2 - 5*j + 3. Let a be z(-5). Calculate v(a).
-11
Let l(a) be the second derivative of a**4/12 - a**3/3 - a**2/2 + 2*a. Suppose 4*o = z + 3*z - 12, -6 = -2*z - 3*o. What is l(z)?
2
Suppose -3*g + 15 = -6. Let s = g - 5. Let z(c) = 5 + s*c**2 + 1 - 6*c - c**2. What is z(4)?
-2
Let f be -1 - (9 + -3 - 1). Let r(x) = x**3 + 7*x**2 + 5*x - 5. What is r(f)?
1
Let f = -37 + 40. Let d(h) = 1 + 0*h - 3*h + 2*h. Determine d(f).
-2
Let c = -77 - -80. Let m(p) = 4*p - 2. Give m(c).
10
Let v(i) = 4*i. Let x(d) = 5*d - 1. Let o(c) = -6*v(c) + 5*x(c). Give o(4).
-1
Suppose 4*j + o - 4 = 0, j + 0*j = 2*o + 10. Let k(v) = 7*v - 2*v + 0*v**j - 4 + v**2. Suppose -26 = 2*r - m - 4*m, -4*r + 4 = 4*m. Determine k(r).
-10
Let a(m) = 4*m**2 - 3*m + 9. Let b(z) = z**2 + 1. Let w(f) = -a(f) + 5*b(f). Give w(-5).
6
Let z(b) = -b**3 - 3*b**2 + 2. Let p(h) = -h**3 - 2*h**2 - h - 2. Let t be p(-2). Let c be (-8)/(0 - (1 - t)). Suppose -6*y + 2*y - c = 0. Determine z(y).
-2
Let p(t) be the second derivative of -t**4/12 - 7*t**3/6 - 5*t**2/2 + 21*t. What is p(-6)?
1
Let u(s) = 0*s + s**2 + 1 - 3*s + 4*s. Let t = 272 + -275. Give u(t).
7
Let v(f) be the first derivative of -f**3/3 + f**2/2 + 2*f + 2. Let s(y) be the first derivative of v(y). Let h be (2 + -1)/(2/6). Give s(h).
-5
Let y = 3 + -7. Let j(z) = 7*z**3 + 15*z**2 - 13*z - 9. Let s(d) = 3*d**3 + 7*d**2 - 6*d - 4. Let h(o) = y*j(o) + 9*s(o). What is h(2)?
0
Let p(k) be the first derivative of 2 - 1/2*k**2 + 4/3*k**3 + 0*k. Calculate p(-1).
5
Suppose -3*t = -2*t + 1. Let m(w) = -w**2. Calculate m(t).
-1
Let n(g) = -g - 2. Suppose -2*v + 0 = z + 2, -z = 0. Let q be 8 - v - 52/13. What is n(q)?
-7
Let f(b) = -5*b. Let d be f(-1). Let x(u) = -u**3 + 5*u**2 + 4*u - 2. What is x(d)?
18
Let k(u) = u**2 - 2*u. Let h(g) = g**2 + 4*g + 5. Let n be h(-4). Suppose -2*w + n + 3 = 0. What is k(w)?
8
Suppose 4*r = 9 + 3. Let m(c) = c + r - c - c. Suppose o + 1 = -n, -2*n + 2*o + 5 = -13. Give m(n).
-1
Let u(a) be the third derivative of a**5/60 + a**4/6 + a**3/6 + a**2. Suppose -4*h - r = -h + 31, 3*h + 23 = r. Let b(f) = f + 7. Let c be b(h). Determine u(c).
-3
Let h be (7/(-21))/((-1)/(-12)). Let c(f) = f**2 + f - 5. Determine c(h).
7
Let n(j) = j + 0 - j + j - 5. Give n(-6).
-11
Let a be 86/10 - (-4)/10. Suppose 1 = 2*c - a. Let w(g) be the second derivative of -g**4/12 + 5*g**3/6 - 7*g**2/2 - 3*g. Give w(c).
-7
Let u(c) = -c**3 + 5*c**2 - c - 5. Let s be u(2). Let n(d) = -d**2 + 6*d - 6. What is n(s)?
-1
Let q(u) = 2 - 3 - u**3 - u**3. Let y(i) = -i**3 - i. Let p = -3 + 2. Let w(g) = p*q(g) + y(g). What is w(1)?
1
Let s(n) = 2*n**2 - 8*n - 4. Let m(c) = -3*c**2 + 9*c + 4. Let h be 21/(-9) + 2/(-3). Let q(f) = h*m(f) - 4*s(f). What is q(-3)?
-2
Let y = 10 + -11. Let m(k) = 2*k**3 + k + 1. Calculate m(y).
-2
Let j(z) = 8*z**3 - 1 - 14*z**3 - 4*z**2 + 7*z**3 + 2*z. Let d = 14 - 10. Give j(d).
7
Let r(t) = -5*t**2 - 3*t - 3. Let d(v) = v**2. Let f(m) = -4*d(m) - r(m). Suppose -8 = 4*y - 2*y. What is f(y)?
7
Let g(y) = 4*y**2 + 11*y + 4. Let c = -13 + 8. Let p(a) = -3*a**2 - 10*a - 4. Let h(f) = c*g(f) - 6*p(f). Calculate h(4).
-8
Let a = -3 - 6. Let v be (24/a)/(2/(-3)). Let r(i) = -2*i**2 - v*i + 4 + 3*i**2 + 0*i**2 - 1. Give r(2).
-1
Let s(n) = -n**2 - 6*n - 6. Suppose 8 = 4*t - 28. Suppose -4*z - 26 = 2*f, 2 = -f + 3*z + t. Determine s(f).
-1
Let f be (3 + -6)/(9/(-6)). Let j(u) = -2*u + 10. Let z(h) = -1. Let y(n) = -2*j(n) - 18*z(n). Give y(f).
6
Let h(v) = 3*v + 2 - v**3 - 4*v**2 + 0*v**3 - 6. Let b(i) be the second derivative of -i**3/6 - 8*i**2 - 6*i. Let u be b(-11). Calculate h(u).
6
Let m(q) = -q**2 - 6*q - 2. Let v = 11 + -5. Let c(z) = -2 + v - z**3 + 0 - 5*z**2 - 2*z. Let x be c(-4). Determine m(x).
6
Let x(o) = -7*o**2 + 3*o + 13. Let r(b) = -6*b**2 + 2*b + 12. Let w(j) = -6*r(j) + 5*x(j). Give w(-5).
3
Suppose -3*a = -8*a + 10. Let d(l) = 2*l**3 - 1 - 2*l**2 + 3*l**2 + 0*l**a + l**2. Give d(1).
3
Suppose -3*d - 2*d = -15. Let k(a) = 2*a**2 + a**2 + 2 - a**d + a**2 - 6. Let w be k(3). Let l(g) = g**3 - 5*g**2 - g - 2. Determine l(w).
-7
Let u(d) = d**3 + 6*d**2 - d. Let m be u(-6). Let q(y) = 3*y - 9. Let l(x) = 2*x - 6. Let p(k) = -7*l(k) + 5*q(k). What is p(m)?
3
Let v(q) = q + 5. Suppose 2*i + 10 = 0, -5*i + 4*i = 2*j + 13. Let r be -4*(0 - (-2)/j). Let c be r/(-6) + (-55)/15. Determine v(c).
1
Let t be (-9)/(1 + (-5 - -3)). Let d be ((-30)/t + 3)*-15. Let g(y) = -y**3 + 5*y**2 - y - 1. Determine g(d).
-6
Let m(h) = 6*h + 3. Let l(g) = 0*g + 3 - g + 8. Let t be l(8). Suppose -3*y - 4*z - 10 = -2*y, 2 = -4*y + t*z. Give m(y).
-9
Suppose 0 = -4*p + 2 + 6. Suppose 4*n - p*t + 14 = -2, -2*t = -8. Let z(m) = -3*m - 1. Calculate z(n).
5
Suppose 2*r + 3*i = 13, -5*r + r + 3*i = 1. Suppose 3 = 2*d - a, -3*d + a = -r*a + 3. Let w(t) = -d*t - t + t. What is w(1)?
-4
Let r(m) = 3*m - 2*m - 6 + 9. Let a(w) = -w**3 + 6*w**2 + 3. Let y be a(6). Calculate r(y).
6
Let g(h) = -h - 4. Let v = 6 + -4. Let n be (-152)/(-20) + v/5. Suppose 2*f - n = w, -f - 15 - 3 = 5*w. Calculate g(w).
0
Let w(u) = -7*u + 6. Let k = -22 - -9. Let f(o) be the third derivative of -5*o**4/8 + 13*o**3/6 + o**2. Let n(b) = k*w(b) + 6*f(b). Give n(2).
2
Let m(p) = p**3 - 4*p**2 + p + 2. Let g(w) = w - 2. Let o be g(4). Give m(o).
-4
Let k = -1 + 9. Let t(r) = -k + 2*r - 13 + 27. What is t(-4)?
-2
Suppose 2*f + 6 = 2*c, -f = 6*c - 3*c - 9. Let b(m) = m + 2. Calculate b(f).
2
Let c(y) be the third derivative of y**6/120 - y**5/15 + 2*y**3/3 - 49*y**2. What is c(3)?
-5
Let b(r) be the third derivative of -r**4/24 + r**3/2 + r**2. Let h be b(8). Let d(p) be the third derivative of -p**4/24 - p**2. Calculate d(h).
5
Let o(w) = w**3 - 4*w**2 + 4*w - 1. Let y be o(3). Let c(m) = -m**y + 2*m**2 - 5 - 6. Calculate c(0).
-11
Let b(k) = k**2 + 4*k - 4. Let t(w) = -w. Let p(f) = f**3 + 8*f**2 - f - 3. Let o be p(-8). Let j be t(o). What is b(j)?
1
Let j(o) = 8*o**3 + 1. Suppose 0 = -c - 0*c - 1. What is j(c)?
-7
Let w(f) = 2*f + 2. Let s be w(2). Let d(t) = -t**2 + 8*t - 2. What is d(s)?
10
Let c(x) = x**2 - 8*x - 14. Let w be c(10). Let j(a) = -7*a + 1. Let s(m) = 14*m - 2. Let f(d) = w*s(d) + 11*j(d). Calculate f(-1).
-8
Let c(a) = 7*a**3 + a**2 + 11*a - 5. Let q = -4 + 8. Let v(g) = 7*g**2 - 8*g**3 - 12*g - 9*g**2 + 1 + q. Let t(j) = -7*c(j) - 6*v(j). Calculate